 7*h**3/2 + 3*h**2/2 - 51*h. List the prime factors of p(19).
7, 109
List the prime factors of 10/2 + 9407 + (-9)/(-45)*25.
3, 43, 73
Suppose -173 + 161 = -3*z. Let n be (-5 - 21)/((-1)/8). Suppose -4*o + n = z*o. List the prime factors of o.
2, 13
Let n(x) = -x**3 - 43*x**2 + 28*x + 351. What are the prime factors of n(-48)?
3, 11, 29
Let v = 70822 - 50191. List the prime factors of v.
3, 13, 23
Let z be (8/10)/((-6)/45). Let m(o) = -87*o + 1. Let y(i) = 44*i. Let v(u) = z*m(u) - 11*y(u). List the prime factors of v(2).
2, 5, 7
Let p = 42351 + -24505. What are the prime factors of p?
2, 8923
Suppose -32*y + 33*y - 4 = 0. Suppose -4*n + 2113 = -4*s + 6301, -5*s - y*n = -5208. List the prime factors of s.
2, 3, 29
Let d = -78 + 98. Suppose -d = -10*l + 10. Suppose 10 = 2*q, -5*q + 260 = 2*w - l*q. List the prime factors of w.
5
List the prime factors of ((-5941408)/308)/((-2)/7).
2, 16879
Let i be 25/((-15)/(-3)) + 2 + -5. Suppose -i*m - 489 = -1569. List the prime factors of m.
2, 3, 5
Let k = -3 + 5. What are the prime factors of k - -292 - (-8)/(-4)*-1?
2, 37
Let h(o) = o**2 - 5*o + 3. Suppose -5*y + 11 = -4. Let g be h(y). List the prime factors of (107/g)/(-1 + (-4)/(-6)).
107
Let u = 608 - 815. Let k = -278 - -159. Let a = k - u. What are the prime factors of a?
2, 11
Let m(u) be the first derivative of 64*u**3/3 - 2*u**2 - 4*u - 20. What are the prime factors of m(-2)?
2, 5, 13
Suppose 5 = 4*f - 11. Suppose -5*g + 165 = 5*y, f*y = 4*g - 0*y - 132. Suppose -2*c + 3*w = -3 - 19, c + 4*w - g = 0. What are the prime factors of c?
17
Suppose f = -2*z + 4*z + 1018, -2 = f. Let u = z - -1176. What are the prime factors of u?
2, 3, 37
Let y(t) = -t**3 - 2*t**2 + 8*t + 19. Let b be y(-3). What are the prime factors of 1/(-4) - (-3081)/b?
2, 5, 7, 11
Let g(z) = 73*z**3 - 19*z**2 - 19*z + 64. List the prime factors of g(9).
13, 3967
Let o = -40 + 44. Suppose -4 = -2*w + p + 2, -3*p - o = w. What are the prime factors of (4/6)/w - (-179)/3?
2, 3, 5
Suppose -392*b - 3*h - 105525 = -395*b, b + h - 35165 = 0. What are the prime factors of b?
2, 5, 3517
Suppose -15*u + 227069 = 20*u - 70921. List the prime factors of u.
2, 3, 11, 43
Let q(x) = 105*x**2 - 7*x - 25. Let s(a) = 315*a**2 - 22*a - 73. Let g(u) = -8*q(u) + 3*s(u). List the prime factors of g(-2).
421
Suppose 2*f - 10 = 0, 3*f - 10251 = -7*s + 3*s. Let u be s/45 - 12/(-90). Let p = u + -37. List the prime factors of p.
2, 5
Suppose 2*a + 3*i - 2044 = 0, -a + 1027 = -8*i + 7*i. Suppose a*k + 4592 = 1032*k. List the prime factors of k.
2, 41
Suppose -3*s + 0*s + 9 = 0. Let g be (-2125)/(-340) - (-2)/(-8). Suppose w - 69 = -s*p, g*w - 345 = w + p. List the prime factors of w.
3, 23
Suppose -3*n - 5*v = -5*n + 3991, -5*n = -2*v - 9925. Suppose -x + n = -3*k + 7*k, k - 3*x - 512 = 0. List the prime factors of k.
7, 71
Suppose -5*n - f + 0*f + 22 = 0, 2*f + 12 = 4*n. Suppose n = p - 11. Suppose -1207 = -p*o + 533. What are the prime factors of o?
2, 29
Let l = 11977 - 7342. What are the prime factors of l?
3, 5, 103
Let m = -94 - -86. Let v = 10 + m. Suppose 0 = -v*p + p - 5*c + 61, -2*c - 74 = -2*p. List the prime factors of p.
41
Let x = -24185 + 29219. List the prime factors of x.
2, 3, 839
Let a(s) = -11*s**2 + 374*s + 132. What are the prime factors of a(33)?
3, 5, 11
Let z = 123 + 1272. Suppose 4*d - z = -5*d. Let a = d + -88. List the prime factors of a.
67
Let t be ((-6054)/8)/(105/(-24) + 4). Suppose 3*x + 5*k = 4*k + 1210, -t = -5*x - 3*k. What are the prime factors of x?
13, 31
Suppose 11*d - 45281 - 31862 = 0. What are the prime factors of d?
7013
Let x be (-46)/(-4) - 3/6. Let r(w) = w**3 + 21*w**2 + 21*w + 33. Let z be r(-20). Suppose x*n = z*n - 148. List the prime factors of n.
2, 37
Let g(u) = -6*u + 58. Let k be g(9). Suppose x + 8 = -k. What are the prime factors of -3 + ((-399)/(-4) - 3/x)?
97
Suppose 0 = -5*w - 2*w. Suppose 19*u - 31*u + 8640 = w. List the prime factors of u.
2, 3, 5
Let m(g) = 26*g**2 - 2*g - 14. Let w be m(5). Suppose 0 = n - 3*n + w. Let z = n + -160. List the prime factors of z.
3, 17
Let v(w) = w**3 + 14*w**2 + 15*w - 8. Let i be v(-11). Suppose i*o + 796 = 192*o. List the prime factors of o.
2, 199
Let d(f) be the third derivative of -1/3*f**3 + 1/10*f**6 - 1/12*f**5 + 0*f - 30*f**2 - 1/8*f**4 + 0. What are the prime factors of d(3)?
2, 67
Suppose 0*n + 2*r - 600 = -4*n, -3*n + 456 = 3*r. Suppose 2*t - 4*a = -3*t + 5, 5*t = -3*a + 5. List the prime factors of n/4 - (4 - t).
2, 17
Let x(g) = g**3 - 4*g**2 + g + 6. Let d be x(4). Suppose 13*v - 198 = d*v. Let c = 39 + v. What are the prime factors of c?
3, 5, 7
Suppose -90*h = -93*h + 36. Let g be (-6)/((-1)/(-2)*-2). Let l = h + g. What are the prime factors of l?
2, 3
Suppose 0 = -3*x - 10*m + 9*m + 529, -4*m + 884 = 5*x. Let d = 24 - 148. Let k = d + x. List the prime factors of k.
2, 13
Let w = -30630 + 69165. What are the prime factors of w?
3, 5, 7, 367
Suppose 2*u - 17220 = -13*u. What are the prime factors of u - (-18)/((-24)/(-4))?
1151
Let n = 176 - 80. Suppose -p = -4*p + 5*o + 73, 5*p - 5*o = 125. Let j = n - p. List the prime factors of j.
2, 5, 7
Let g = -3683 + 5341. Let u = -475 + g. What are the prime factors of u?
7, 13
Suppose -k + 658*q + 6264 = 662*q, -3*k - 4*q = -18760. What are the prime factors of k?
2, 11, 71
Let m be (-1 - -3)*(-270)/12. Let o = -40 - m. Suppose o*l - 550 = -95. List the prime factors of l.
7, 13
Let y(g) = 307*g + 1727. What are the prime factors of y(37)?
2, 3, 727
Let s(o) = o**3 + 7*o**2 + 5*o - 6. Let y be s(-6). Suppose -2*m = 10, 149 = -2*g - y*g - 3*m. Let d = -45 - g. What are the prime factors of d?
2, 11
Let a(r) = 2*r**2 + 106*r + 91. List the prime factors of a(31).
7, 757
Let u(i) = 161*i**2 - 7*i + 22. List the prime factors of u(-8).
2, 29, 179
Suppose 4*s - 24 - 12 = -5*x, 3*s - 32 = -5*x. Suppose 0*j = x*f + j - 1256, -5*f + 1591 = -4*j. List the prime factors of f.
3, 5, 7
Suppose 143*z + 56 = 151*z. Suppose 2678 - 1425 = z*a. List the prime factors of a.
179
Let b(x) = x**2. Let j(d) = -d**2 + d - 1. Let t(c) = 6*c**2 + 11*c. Let p(y) = -6*j(y) + t(y). Let u(w) = -4*b(w) + p(w). List the prime factors of u(-5).
181
Let p be 4/8 - (-135)/30. Suppose -8095 = -p*b + 5*f, -4*b - 3*f + 1130 + 5353 = 0. What are the prime factors of b?
2, 3, 5
Let k(y) = 32*y - 53. Let t be k(46). Suppose 0*o + o - 3*v - 275 = 0, -4*v - t = -5*o. What are the prime factors of o?
7, 41
Let y(m) = 57*m - 37. Suppose 4*r - 13 = -5*t, 0*t = r + 3*t + 2. What are the prime factors of y(r)?
2, 181
Let w(q) = -5*q**3 + q**2 + 5*q - 3. Let b(a) = 3*a + 49. Let l be b(-15). Let t be w(l). Let d = -188 - t. What are the prime factors of d?
3, 11
Suppose 0 = -2*b - 5*o + 44, 2*o = 3*b - o - 24. Suppose -2*l + 328 - b = 0. List the prime factors of l.
2, 79
Let p be 189372/90 - 4/30. Suppose 2*z = -2*z - 4*x + p, -5*x + 2101 = 4*z. List the prime factors of z.
23
Suppose -19*r = -16*r - j - 26145, 0 = -5*j. List the prime factors of r.
3, 5, 7, 83
List the prime factors of 8*183*((-2)/(-11))/((-96)/(-264)).
2, 3, 61
Let z be (6/(-18))/(130/66 - 2). Suppose -3*p + z = -91. Let t = -28 + p. List the prime factors of t.
2, 3
Let h = 236 - 787. Let n = h - -1197. List the prime factors of n.
2, 17, 19
Let n be 18/((-488)/246 + 2). Suppose 0 = -5*y, -4*k - 3*y = -7*k + n. List the prime factors of k.
3, 41
Suppose 0 = y - 3*y - f + 959, y - 2*f = 482. Suppose -8*z + 14*z + y = 0. Let t = 188 + z. What are the prime factors of t?
2, 3
Let i(h) = 29*h + 10. Let j = -4 + -1. Let v be i(j). Let k = -76 - v. What are the prime factors of k?
59
Let u(k) = -38*k + 26. Let p = -45 - -39. List the prime factors of u(p).
2, 127
Suppose -2*l = 2, 4*l - 10120 - 4174 = -2*i. List the prime factors of i.
3, 2383
Let z = 10191 - 2734. What are the prime factors of z?
7457
Let j(l) = -68*l**3 - 45*l + 31*l + 16*l - 2 + l**2. What are the prime factors of j(-2)?
2, 271
Suppose 2*s = -224 + 234. Let p(c) = 3*c**3 - 6*c**2 + 4*c - 31. What are the prime factors of p(s)?
2, 107
Let s = -112932 - -168463. What are the prime factors of s?
7, 7933
Suppose 0 = 4*a + p + 113 - 16, 2*p + 10 = 0. Let s = a - -10. List the prime factors of (319 - s)*2/4.
2, 83
Suppose 3*l - 27 = -3*s, -3*l = -8*l + 5*s + 55